
9
Suppose 18*i - 224 = 14*i + a, 3*a = i - 56. Suppose 62*o = i*o + 1476. Calculate the greatest common factor of o and 6.
6
Let h(m) = 132*m - 671. Let g be h(60). What is the highest common factor of 11 and g?
11
Let p = 180 - 216. Let r = p - -100. Calculate the greatest common divisor of 48 and r.
16
Let x = -638 - -828. Calculate the highest common divisor of x and 1045.
95
Suppose -2*f - 22 = 0, -8*k - 4*f - 69 = -13*k. Suppose 120 = -5*q + 1945. What is the highest common factor of k and q?
5
Let w be ((-40)/(-7*(-2)/(-7)))/(2/100). What is the greatest common factor of 80 and w?
40
Let b be 137 + (134 - 15)/17. What is the highest common divisor of 624 and b?
48
Suppose 6718 = 30*i + 5398. What is the greatest common factor of 9812 and i?
44
Let c be (597 - -49) + 22/(-1). What is the highest common factor of 572 and c?
52
Suppose 3*n + 197 = 3*x - 301, 3*n = 5*x - 494. Let y = 224 + n. Calculate the greatest common factor of y and 14.
14
Let r(o) = 19*o**2 + 25*o - 1. Let i(n) = -54*n**2 - 76*n + 2. Let y(p) = 6*i(p) + 17*r(p). Let g be y(-30). Calculate the highest common divisor of g and 5.
5
Let b be (73 - (81 + -9)) + (30 - -2). Let t be 759 + -1 - (-1 - 0). Calculate the greatest common factor of b and t.
33
Suppose 4*t + 9 - 1 = 0, 3*o = 4*t + 470. Let k = -26 - -26. Suppose -6*x + 91 - 7 = k. Calculate the highest common factor of o and x.
14
Let f(q) = 3*q**2 - 14*q - 15. Let s be f(-1). Suppose -210 = -2*o + s*d, 0 = -o + 7*d - 9*d + 105. What is the highest common factor of o and 21?
21
Let j = 980 - 17. Let q = j + -335. Let t = q + -342. Calculate the highest common divisor of 26 and t.
26
Let z = 14 - 9. Suppose -6 + 1 = -z*y. Suppose -4 - 6 = -5*n + b, 2*n = -4*b - 18. Calculate the highest common factor of n and y.
1
Let m be -9 + 18 + 5 - 10. Calculate the greatest common divisor of m and 52.
4
Suppose -14 = -4*a - 2*y, 3*a - 8*a + y = 0. Let n = 112 + -64. Let c = 53 - n. Calculate the highest common divisor of c and a.
1
Suppose -5*z = 5*x - 0*x - 260, -5*z - 82 = -x. Calculate the highest common divisor of 931 and x.
19
Let z = 59 - 65. Let u be 64/11 + z - 18/22. Let g be (u/3)/(2*(-1)/60). Calculate the highest common divisor of g and 60.
10
Suppose -2110*m + 2136*m = 60970. What is the greatest common factor of 5 and m?
5
Suppose 11*i - 869 = 1573. What is the greatest common divisor of i and 33522?
222
Let d = -15 - -75. Suppose 4*a + 4*u = d, -36 = -4*a - 0*u + 2*u. What is the highest common factor of 253 and a?
11
Let f(i) = -i. Let n be f(7). Let t(j) = 32 + 24 - 33 - j. Let d be t(n). Calculate the greatest common divisor of d and 120.
30
Suppose 0 = -37385*q + 37887*q - 44176. Suppose 5*y - 145 = -3*z, y - 45 = -0*z - z. What is the greatest common factor of q and z?
8
Let a(l) = l**3 + 50*l**2 - 60*l + 110. Let g be a(-45). Calculate the highest common factor of g and 130.
65
Let s = 18970 - 15428. What is the highest common factor of s and 616?
154
Suppose 18*j + 1700896 = 249*j - 720677. What is the highest common factor of j and 11?
11
Suppose 0 = 5*s + v + 100, -s + 3*s - v + 47 = 0. Let j be (245/s*1)/((-1)/39). What is the highest common factor of 13 and j?
13
Let v be 1040/(-256)*-8*4/(-25)*-600. What is the highest common divisor of v and 650?
130
Let c(s) = -s**3 + 112*s**2 + 12*s - 1340. Let t be c(112). What is the highest common divisor of t and 8572?
4
Let y(p) = p**2 + 3*p - 2. Let k be y(2). Suppose -3521*v + 3572*v = 612. Calculate the greatest common divisor of k and v.
4
Suppose 7*v = 11*v - 12. Let t(z) = -2*z**2 + 0*z - 6 - 11 + v*z**2 + 2*z. Let r be t(-7). What is the highest common factor of r and 144?
18
Let w(a) be the third derivative of 25*a**4/8 - 13*a**2. Let l be w(1). Let p = -208 - -268. What is the greatest common divisor of l and p?
15
Let s(d) = -8*d**3 - 285*d**2 + 5*d + 144. Let x be s(-36). What is the greatest common factor of 612 and x?
36
Let b be 4*(-6)/144 - (-23997)/18. Suppose -3*f - f = -j - b, -3*f - j + 991 = 0. Calculate the highest common factor of f and 83.
83
Let o = -10806 + 10980. Calculate the highest common divisor of 2001 and o.
87
Let b = -959 - -964. What is the greatest common factor of b and 62?
1
Let p(h) = 21*h**2 - 2*h + 1. Let c be p(2). Suppose 35637 = 43*k - 21209. Let r = 1331 - k. Calculate the greatest common factor of c and r.
9
Let j(t) = 22*t**2 + 20*t - 12. Let f be j(-9). What is the greatest common factor of f and 45?
15
Let z be (-3 - -3 - 4 - -227)/1. Let o = z + -210. What is the highest common divisor of 26 and o?
13
Suppose -2513*u = -2520*u + 1400. Calculate the highest common factor of u and 8.
8
Suppose 51 = g + 4*t, -327*g - 3*t - 90 = -331*g. Calculate the greatest common factor of g and 54.
27
Let v = -68 - -37. Let t(z) = z**2 + 11*z + 21. Let i be t(-13). Let d = v + i. What is the greatest common divisor of d and 40?
8
Let q be (-1 + 75/6)*2. Let z be (5/2)/(60/120). Suppose 362 = 2*h + 14*v - 12*v, -z*h - 4*v = -908. Calculate the highest common factor of h and q.
23
Let i(t) = -936*t + 3187. Let p be i(-9). Calculate the highest common factor of 34 and p.
17
Let m = -57 - 0. Let z = m - -84. Let v = 820 + -685. Calculate the highest common divisor of v and z.
27
Let l = -12183 - -12260. What is the greatest common factor of l and 28?
7
Let x(r) = 87*r + 229. Let d be x(8). Calculate the greatest common divisor of 37 and d.
37
Suppose -4*v + 1 = z, -3*z - 3*v = -4*z + 29. Let a(f) = f**2 - 19*f + 67. Let t be a(z). Calculate the highest common divisor of 15 and t.
3
Let o(l) = 2*l**2 - 9*l - 14. Let m be o(6). Suppose m*c + x - 26 = 6, 2*c + x = 14. Let n = c + -3. What is the greatest common divisor of n and 6?
6
Let s = 29 + -6. Let m = 155 - 113. Suppose -37*f - 230 = -m*f. What is the highest common factor of s and f?
23
Suppose 5*l - 5*p + p - 107 = 0, 4*p = l - 31. Suppose -17 = -4*g + l. Let n(c) = 1307*c - 2551. Let h be n(2). Calculate the highest common divisor of h and g.
9
Suppose -17 + 25 = 4*d. Suppose -2*b + 22 = -4*y, -b - 1 + d = 3*y. Suppose -101 = -10*k + 1019. What is the highest common divisor of k and b?
7
Suppose -1138729 = -128*k - 150*k + 2173919. What is the highest common factor of k and 4?
4
Let p be 18 + -3 - (-3)/(-1). Suppose -72 = 4*j - 288. Suppose 7*o - 72 = j. Calculate the highest common factor of o and p.
6
Let p(r) = -r**3 + 17*r**2 + 2*r - 8. Suppose -45*l + 41*l + 68 = 0. Let v be p(l). What is the greatest common factor of 338 and v?
26
Let q(o) = -5*o + 8. Let v be q(4). Let s be ((-60)/v)/(((-4)/82)/(-2)). Calculate the highest common divisor of s and 41.
41
Let r = 232 + -226. Let y be (-11)/(-3) - r/(-18). Calculate the highest common divisor of y and 4.
4
Let s be (6 + -19 + 3)/(-2). Suppose 0 = 3*f - 12, s*f = 2*p - 626 - 504. What is the greatest common divisor of 23 and p?
23
Let m = -971 - -1188. What is the highest common factor of 49 and m?
7
Let z(a) = -1649*a + 10708. Let h be z(-14). What is the greatest common factor of h and 122?
122
Let l be 803 + -822 - (-192 - 1). What is the highest common factor of 22011 and l?
87
Suppose -5*r = -3*f - 219, 5*f + 137 = -13*r + 732. What is the highest common factor of 480 and r?
15
Let a = 4546 + -4504. What is the highest common divisor of 6 and a?
6
Let b be (-4 - 3*-2) + 7. Let n be (-2)/(-33) - (-17)/((-1683)/(-16923)). Calculate the greatest common divisor of b and n.
9
Let d(f) = -400*f + 180*f + 221*f + 27. Suppose 13 = -4*v - 51. Let z be d(v). What is the highest common divisor of z and 88?
11
Suppose -2*a = 3*a + 4*a. Suppose 3*g - 12*g + 18 = a. Let t be g + -2 + 0/3 + 4. What is the greatest common divisor of t and 16?
4
Let j = 148 - 64. Let w(c) be the second derivative of 5*c**4/12 - c**3/2 + 21*c**2/2 - 95*c. Let o be w(0). Calculate the highest common factor of j and o.
21
Let m be 243 - ((-27)/18 - (-7)/2). Let l = m + -226. Calculate the greatest common divisor of 20 and l.
5
Suppose -4*d = 10*u + 193 - 1037, 88 = u + 4*d. What is the highest common divisor of u and 5572?
28
Let k(g) = 12*g + 632. Let j be k(8). Calculate the highest common divisor of 448 and j.
56
Let n(l) = 3478*l - 86917. Let b be n(25). Let s be (1/2)/((-2)/(-2112)). What is the highest common divisor of s and b?
33
Let d = 13